hat is b7 + 756f?
7626
In base 8, what is 40040 - 6706?
31132
In base 14, what is -5 + 347107?
347102
In base 15, what is 27 - 747595?
-74756d
In base 9, what is -134032 + -212?
-134244
In base 6, what is -3 - 5123533011?
-5123533014
In base 9, what is 6 - 1200858?
-1200852
In base 12, what is 0 - 1623590?
-1623590
In base 10, what is -16071489 - 2?
-16071491
In base 3, what is -100101112002220212 - 11?
-100101112002221000
In base 7, what is -4131366 + -50?
-4131446
In base 13, what is -2 + -273935cb?
-27393600
In base 8, what is -1 + 213521472?
213521471
In base 10, what is 39190469 + -11?
39190458
In base 3, what is -2220220 + -10002122111?
-10012120101
In base 11, what is -162007 + -19?
-162025
In base 11, what is -4 - 88673832?
-88673836
In base 15, what is -10 - -5c5d4?
5c5c4
In base 3, what is 2000112222120 + 11?
2000112222201
In base 12, what is 5a821 + 1309?
5bb2a
In base 6, what is 1 - 1512135?
-1512134
In base 11, what is 17 + 2877a1?
287808
In base 7, what is -46312220 - -12?
-46312205
In base 12, what is 7 + -103b89?
-103b82
In base 13, what is -117 + -6401?
-6518
In base 8, what is -4 - -3451271?
3451265
In base 14, what is -699 + -1111?
-17aa
In base 3, what is 1211 - 1012002020222?
-1012002012011
In base 9, what is 707 - 2414?
-1606
In base 7, what is 5106 - -10534?
15643
In base 11, what is -34 - -57385?
57351
In base 2, what is -101101001010001 + 110101?
-101101000011100
In base 11, what is -aa101 + -18?
-aa119
In base 3, what is 120 + -222020110022?
-222020102202
In base 3, what is 111121102222 + 2?
111121110001
In base 9, what is -1 - -24552268?
24552267
In base 15, what is -31b - -190d?
15e2
In base 15, what is -30 - d0abb?
-d0aeb
In base 16, what is -345 - 172ce0?
-173025
In base 13, what is 376b1 - -3b9?
37a9a
In base 12, what is -116 + 93b40?
93a26
In base 4, what is 1323101313 - 101?
1323101212
In base 6, what is -3541231 - -224?
-3541003
In base 11, what is -303025a84 + 0?
-303025a84
In base 12, what is 2b2 - -240b?
2701
In base 12, what is 414a92a + 1?
414a92b
In base 14, what is -a9c535 - 1b?
-a9c552
In base 9, what is -83 + -75353?
-75446
In base 10, what is 8213962 - 2?
8213960
In base 4, what is 120111112 + 23132?
120200310
In base 16, what is ac + -ecf1?
-ec45
In base 10, what is -2302 - -1570?
-732
In base 5, what is 3333313 - -1?
3333314
In base 3, what is -1012111002 + -211021100?
-2000202102
In base 3, what is -221011210 + -21121?
-221110101
In base 3, what is 2 - -112222201012120?
112222201012122
In base 14, what is 0 - -7538a4?
7538a4
In base 4, what is -23130 + -1103121?
-1132311
In base 12, what is -1785 - 98?
-1861
In base 4, what is 133033 + 131321?
331020
In base 10, what is -1133280 + 263?
-1133017
In base 10, what is -845 + -9530?
-10375
In base 14, what is 5 + -105b78d?
-105b788
In base 7, what is -5 + 2160320?
2160312
In base 5, what is 320121032 + -21?
320121011
In base 14, what is -81d93a + -2?
-81d93c
In base 4, what is 23213201101100 - 3?
23213201101031
In base 5, what is 4 + 332344002?
332344011
In base 9, what is 2 - 260263053?
-260263051
In base 11, what is 2465099 + 30?
2465119
In base 6, what is -313 - 2142324?
-2143041
In base 11, what is 41638a14 + 6?
41638a1a
In base 5, what is 1 - -3134123414?
3134123420
In base 9, what is 4714 + -21811?
-16086
In base 12, what is -425 + 668?
243
In base 13, what is -4c54 - -386b?
-13b6
In base 11, what is -378a20 - 659?
-379579
In base 13, what is 9a65 + 2b8?
a050
In base 16, what is -282af + 101?
-281ae
In base 16, what is -a9e + -3a5d?
-44fb
In base 7, what is 33343146 - -1?
33343150
In base 3, what is -2201 + -102221221211?
-102222001112
In base 9, what is 744737 - 52?
744675
In base 4, what is -222311102 + 1010?
-222310032
In base 5, what is 1133 - 4122221?
-4121033
In base 9, what is -2 - -14203?
14201
In base 11, what is a58a + 2243a?
31a19
In base 11, what is -11 - -284283?
284272
In base 10, what is -513 + -346747?
-347260
In base 8, what is 437 + -620533?
-620074
In base 3, what is 202111000121210 - 0?
202111000121210
In base 14, what is 15 - -7462d?
74644
In base 4, what is -1203321133101 - -1?
-1203321133100
In base 4, what is -211 - 12222002032?
-12222002303
In base 3, what is -12 + 120001100201100202?
120001100201100120
In base 13, what is 1662c + 44?
16673
In base 10, what is -5821624 - -3?
-5821621
In base 12, what is 456b26a + 2?
456b270
In base 9, what is 4422146 - -77?
4422234
In base 15, what is 10ba2 + 5c4?
11276
In base 6, what is 21301043 + 45?
21301132
In base 15, what is 4 + 4635182?
4635186
In base 3, what is 201011222220220 + 11112?
201012000002102
In base 3, what is -20001121102211 - 10101?
-20001121120012
In base 10, what is 5 - -3227766?
3227771
In base 3, what is 11102 - -1020200120202?
1020200202011
In base 13, what is 2c279 + -119?
2c160
In base 6, what is -20311153 - -1241?
-20305512
In base 4, what is 3 - -221332222222?
221332222231
In base 8, what is 45 - 1140135?
-1140070
In base 9, what is 388473 + -24?
388448
In base 16, what is 0 + 2f3437b?
2f3437b
In base 10, what is 1707 - 79?
1628
In base 16, what is 1d04 + f6?
1dfa
In base 3, what is -211110101222011221 - 10?
-211110101222012001
In base 4, what is -320 + 302100313?
302033333
In base 13, what is -322b094 + -3?
-322b097
In base 9, what is -33225 + -3144?
-36370
In base 15, what is 833 - 2368?
-1a35
In base 10, what is -3670 + -10627?
-14297
In base 12, what is 0 + -b4b6221?
-b4b6221
In base 10, what is -5438109 - -12?
-5438097
In base 16, what is 26b8e + 10a?
26c98
In base 7, what is 11 + -1514206452?
-1514206441
In base 13, what is 737 - 2a8a7?
-2a170
In base 3, what is -10 - -112212100221?
112212100211
In base 5, what is 44 + 14311044?
14311143
In base 15, what is -e4 + -13205?
-132e9
In base 7, what is -3054 + -31444?
-34531
In base 12, what is -747a522 - -1?
-747a521
In base 12, what is -4318 + 2547?
-1991
In base 4, what is -3102103201 - 31031?
-3102200232
In base 7, what is -361362114 + 30?
-361362054
In base 8, what is -7067076 + 11?
-7067065
In base 2, what is 11000001001110010 - -1001?
11000001001111011
In base 11, what is -26 - 223387?
-223402
In base 9, what is 335 - -2741813?
2742248
In base 12, what is -4bb45668 - 2?
-4bb4566a
In base 9, what is -7865 - 13038?
-22014
In base 3, what is 11212010002200122 - 10?
11212010002200112
In base 13, what is -4 + 3a938214?
3a938210
In base 11, what is -717721 + 0?
-717721
In base 14, what is -53 + acdc6?
acd73
In base 7, what is 21 - -6533263?
6533314
In base 11, what is 93 + -62416?
-62333
In base 5, what is 420 - -33132320?
33133240
In base 2, what is -110001010100011010111 - -1011101?
-110001010100001111010
In base 11, what is 1 + 264a99?
264a9a
In base 16, what is -13 + 1af0190?
1af017d
In base 16, what is 6cf6 + -20dd?
4c19
In base 14, what is -60 - 69a9a?
-69b1a
In base 3, what is 21101 - -1010101102010?
1010101200111
In base 9, what is -1 + 4476534?
4476533
In base 10, what is 23331189 + -11?
23331178
In base 12, what is 3861 + 13405?
17066
In base 4, what is 301000301220010 + 10?
301000301220020
In base 5, what is 233400 - 13003?
220342
In base 15, what is -117450 + 10?
-117440
In base 4, what is -101310101 + -133113?
-102103220
In base 15, what is 2ea - -19524?
1981e
In base 14, what is 3920041 + 2?
3920043
In base 4, what is 1203132033110 + 11?
1203132033121
In base 12, what is -7 - 254a17aa?
-254a17b5
In base 6, what is -110 + 13125421?
13125311
In base 9, what is 1 + -178834556?
-178834555
In base 2, what is -1000001111011 - 111000001101?
-1111010001000
In base 15, what is 6 + 21aabc3?
21aabc9
In base 2, what is 101110 - 100101000100011010001?
-100101000100010100011
In base 2, what is -11 + 1101111000110001101001000?
1101111000110001101000101
In base 14, what is -29 + 774db?
774b2
In base 16, what is c08d13 + -7?
c08d0c
In base 9, what is -105817270 - 1?
-105817271
In base 4, what is 1 - -30110323332?
30110323333
In base 6, what is 3 + 32055205?
32055212
In base 11, what is 3 + 41214099?
412140a1
In base 6, what is 34 + 24345512?
24345550
In base 5, what is -11234344102 + -2?
-11234344104
In base 4, what is -2130203 + -20322030?
-23112233
In base 13, what is -506534 + -103?
-506637
In base 8, what is 10260 + -6011?
2247
In base 15, what is -624e - -89?
-61b5
In base 16, what is -4 - -3b22578?
